 Suppose 3*g - j*d - 78 = 0, 5*g + 2*d - d - 148 = 0. What is the units digit of g?
9
Let d be (-20)/((-6)/3) + 2. Suppose 3*p - 4*g + 24 = 0, -4*g = -p + 2*p + 8. Let k = d + p. What is the units digit of k?
4
Suppose -32 - 16 = 4*r. Let g(o) = -o**3 - 11*o**2 + 11*o - 17. Let x be g(r). Let c = 6 + x. What is the units digit of c?
1
Let u(r) = -r - 3. Let h be u(-6). Suppose h*f + 166 = 8*f - z, -2*z + 163 = 5*f. What is the units digit of f?
3
Let w = 4810 - 3059. What is the tens digit of w?
5
Let m(y) = 9*y**2 - 15*y - 8. Let l(g) = -3*g**2 + 5*g + 3. Let d(w) = 11*l(w) + 4*m(w). Suppose 12 = -0*s + 3*s. What is the tens digit of d(s)?
2
What is the thousands digit of ((-144)/(-80))/(9/24705)?
4
Suppose -i = -5*o - 33, -5*o + 23 = 5*i - 112. Suppose w - 19 = i. What is the tens digit of w?
4
Suppose -n + 2*f = n + 6, -13 = -n - 3*f. Suppose -26 = -s + n. What is the units digit of s?
7
Let x = -78 - -80. Suppose -5*a + 69 = -2*b, 3*a - 2*b - 17 = x*a. What is the tens digit of a?
1
Let s = -385 - -544. What is the hundreds digit of s?
1
Let x be (-3)/21 + 184/14. Let a = 21 - x. What is the units digit of a?
8
Let w(l) be the third derivative of l**5/60 - 3*l**4/8 - 3*l**3/2 + 4*l**2. Let t be w(10). What is the tens digit of t*-2*(-50)/4?
2
Suppose -5*a = 4*a - 4617. Suppose -a = -10*d + 507. What is the units digit of d?
2
Let c be 12*(316/6 + 4). Suppose -g + 6*g - c = 0. What is the tens digit of g?
3
Suppose -3*z + 2*j = -j - 36, 3*z - 5*j - 30 = 0. Suppose -z = -5*y + 10. Suppose -2*a = -y*a + 9. What is the units digit of a?
3
Suppose -3*x = 2*a + 141 + 294, 2*x + 300 = 2*a. What is the tens digit of (-3 - x/(-15))*-10?
2
Let g be (-162)/(-24) + (-2)/(-8). Let c(r) = -r**2 + 12*r - 4. Let f be c(g). Let k = f + -11. What is the tens digit of k?
2
Suppose 6*f - 5*c - 305 = f, 0 = -5*f - 5*c + 265. Suppose -2*s + 5*m + f = -0*s, s = -m + 46. What is the tens digit of s?
4
Suppose -31 = -3*q + 2*n - n, 5*q + 5*n - 25 = 0. What is the units digit of (-1 + 4)*24/q?
8
Let l = 672 - 248. What is the units digit of l?
4
Let f = -2 + -6. Let x be (6/(-5))/(f/1340). Suppose -2*i + 93 = v, v = 4*i + 6*v - x. What is the units digit of i?
4
Let s(o) = -2*o**2 - 7*o + 1. Let i be s(-8). Let c = 141 + i. What is the units digit of c?
0
What is the hundreds digit of ((-62)/6)/(-3*(-3)/(-486))?
5
Let u = 1198 + -609. What is the units digit of u?
9
Let h(v) = 77*v + 194. What is the units digit of h(16)?
6
What is the units digit of 3 + -10509*(-6)/18*1?
6
Let g(s) be the first derivative of -6*s + 7*s**2 + 3 + 1/3*s**3. What is the units digit of g(-16)?
6
Suppose 3*g - 1251 = 3*z, g + 3*z = 217 + 188. What is the hundreds digit of g?
4
Suppose 36*y - 13128 = 12*y. What is the units digit of y?
7
Suppose -20 = 3*r + 1. Let c = -1 - r. Suppose 0 = 3*f - 6 - c. What is the units digit of f?
4
Suppose -3*p = -2*r - 125, -2 = 4*r - 5*r. Let u = p + -27. What is the tens digit of u?
1
What is the units digit of 4920*9*9/243?
0
Let k = -36 - -53. Suppose 4*g - 161 = 75. Suppose -x = -3*y + k + 29, -4*y + g = x. What is the units digit of y?
5
Suppose -2*r = 2*w - 1512, -1170 = -4*w + 5*r + 1890. Suppose -u - 1010 = -7*f + 3*f, w = 3*f - 2*u. What is the tens digit of f?
5
What is the tens digit of (2 - (2 + -4)) + (7 - -382)?
9
Let f(g) be the first derivative of -3*g**2/2 + 11*g + 9. What is the units digit of f(-14)?
3
Let d(t) be the first derivative of -1 - 8*t - t**2 + 0 - 2. What is the units digit of d(-6)?
4
Let q(j) = -j**2 - 2*j + 4. Let x be q(-3). Let h(y) = 9*y - 55. Let d be h(6). What is the units digit of 14 - (0/d + x)?
3
Let l = 39 + -113. Let o = l + 134. What is the tens digit of o?
6
Let l(c) = 6*c**2 - 41*c + 16. What is the hundreds digit of l(9)?
1
Let k(d) = -d**2 + d + 13. Suppose -x - 2*r = 19, 2*x + 3*r + 11 = -22. Let p be k(x). Let h = p - -110. What is the units digit of h?
3
Let f(o) = -o**2 + 26*o - 42. Let d be f(21). Suppose -1 - 7 = -2*l. Suppose -3*g + 3*r = -d, 3*r + 29 + 59 = l*g. What is the units digit of g?
5
Let f(a) = -4*a - 5. Let h be f(-5). Let i = -12 + h. Suppose 5 - 122 = -i*r. What is the units digit of r?
9
Let y be (-16 - -17)/((-1)/(-149)) - -2. Let u = 39 + y. What is the units digit of u?
0
Suppose -m = -6*m. Let n be 7/((-105)/6)*-10. Suppose -5*z + 13 - 28 = m, n*w = 5*z + 63. What is the units digit of w?
2
Suppose 0 = -19*o + 6*o + 5226. What is the units digit of o?
2
What is the tens digit of (-2886)/(-9)*(-135)/(-30)?
4
Let k = -9 + 1. What is the units digit of k/24 + 102/9?
1
Suppose -u - 135 = -4*u. Suppose 4*y - u = 15. What is the units digit of y/(-20) - (-19)/4?
4
Suppose -2*l + 61 = 33. Let c be (-2)/(-3) + 16/3. What is the tens digit of (124/c)/(l/21)?
3
Suppose -1 = -g - 2*z, 3*g - 3*z = -2*z - 11. What is the units digit of (8/10)/((-124)/(-40) + g)?
8
Let p(v) = 20*v**2 + 8*v - 23. What is the tens digit of p(11)?
8
Suppose 5*u + 3048 = 11*u. What is the tens digit of u?
0
Let h = -300 + 531. What is the hundreds digit of h?
2
Let g(x) = -4*x + 10. Let v = -25 - -10. What is the units digit of g(v)?
0
Let i(n) = -3*n - 7. Let c(t) = 4*t + 8. Let m(p) = -2*c(p) - 3*i(p). Let o(y) = y + 6. Let d(b) = -3*m(b) + 2*o(b). What is the units digit of d(-4)?
1
Suppose 4*t + 5*l - 69 = -18, 2*t - 2*l = 12. Suppose -3*a + 7 = 5*m, -3*m - t = -a + 2*m. Let j = 21 + a. What is the units digit of j?
5
Let s(h) = h**3 + 2*h**2 - 4*h - 2. Let j be s(-3). Let n = j + -2. Let u = 0 - n. What is the units digit of u?
1
Let l(x) = -10*x + 9. Suppose 3*m - 2*m = -7. Let b(y) = 19*y - 17. Let z(f) = m*l(f) - 4*b(f). What is the tens digit of z(-3)?
2
Let o be (-2)/(-10) - (-205)/(-25). Let h = o - -12. Suppose 141 - 11 = h*u + 2*i, 0 = -4*u + 3*i + 115. What is the units digit of u?
1
Let j = 15 - 19. What is the units digit of 50/(-15)*6/j?
5
Let i(g) = -g**3 + 10*g**2 - 2*g + 9. Suppose 5*d - 45 = 2*u, -4*u - 18 = -6*d + 4*d. Let x be i(d). Suppose 0 = -3*c + 12 + x. What is the tens digit of c?
2
Suppose -3*b = -46 + 16. Let t(v) = 9*v + 2. What is the tens digit of t(b)?
9
Let n = -229 - -331. What is the tens digit of n?
0
Let h(p) = p**2 + 8*p - 1. Let z be h(-10). Suppose -z*q = -17*q - 4. Suppose q*w - 58 = -0*w. What is the tens digit of w?
2
Let r = 13 + -9. Suppose 41 = -5*d - r. What is the units digit of 18/2*(-3)/d?
3
Suppose 0 = w - 0*w - 3. Let y be (3 - (w + 1)) + 198. Suppose 0 = -2*n + 5*t + 98, 2*t - 7*t + y = 3*n. What is the tens digit of n?
5
What is the hundreds digit of 626 - (-64)/16*2/(-8)?
6
Let g(u) = -u**2 + 34*u - 46. Let a be g(17). Suppose -555 = -7*b + a. What is the hundreds digit of b?
1
Let r = 29 + -29. Suppose 0 = -5*y + 15, p + 2*p + 3*y - 15 = r. What is the tens digit of 56 + p + 6/(-3)?
5
Let r = 12 + -20. Let q(k) be the second derivative of -k**5/20 - 2*k**4/3 - 2*k**3/3 - 2*k**2 + 17*k. What is the units digit of q(r)?
8
Let h = 322 + -136. What is the units digit of h?
6
What is the thousands digit of 448470/195 + (-2)/(-13)?
2
Let r be (-34)/(-6) + (-12)/18. Let w be r/20 + 79/4. Suppose 3*l - 10 = w. What is the tens digit of l?
1
What is the hundreds digit of (-16)/(1040/39) - 15206/(-10)?
5
Let b(i) = 2*i**2 + 6*i - 20 + 25 + 2*i**2. Let z be b(5). Suppose -z = -3*x - 2*x. What is the tens digit of x?
2
Suppose -2*y - 764 = -o, -761 = -o + y + 2*y. Suppose 4*v - 778 = m, -4*v - 2*m + o = m. What is the hundreds digit of v?
1
Let u = 165 + 52. What is the hundreds digit of u?
2
Let a(s) = 0 + 6 - 11*s + 2. What is the units digit of a(-1)?
9
Let b = -344 + 842. What is the tens digit of b?
9
Let z = 214 - -64. What is the tens digit of z?
7
Let t(x) = 196*x + 13. What is the tens digit of t(5)?
9
Let t be ((-7)/(-12) - 9/27)*20. Let x = 72 + t. What is the units digit of x?
7
Let u(f) = -15*f**2 - f + 1. Let d be u(1). Let q be (306/30)/((-1)/d). Suppose 0 = 5*g - q - 17. What is the tens digit of g?
3
Suppose 0 = -y + 10 - 13. Let i be (-25)/y - (-1)/(-3). What is the tens digit of ((-405)/60)/((-2)/i)?
2
Let p be -3 + (-106)/(-34) + (-98)/(-34). Suppose 199 - 22 = p*o. What is the tens digit of o?
5
Let u(f) = 14*f**2 + 6*f + 8. Let r(t) = 2*t**2 + 5*t - 6. Let o be r(-3). What is the hundreds digit of u(o)?
1
Let d be (-36)/(-27)*(-2 + -1). W